m*k. Calculate the greatest common divisor of j and k.
5
Suppose r = 5 - 0. Suppose 4*m - 4*g = 44, -6 - 45 = -r*m + 3*g. Let s = -2 + m. Calculate the highest common factor of s and 63.
7
Suppose -17 = -3*o - 5*y, o - 17 = 2*y + 7. Calculate the greatest common divisor of o and 1162.
14
Let n(d) = -3*d**3 + 2*d**2 + 21*d + 60. Let f be n(-3). What is the highest common factor of f and 144?
48
Let r be -1 + (11 + 1)/2. Let t(c) = -55*c**2 + 42*c**2 + 14*c**2 + 10 - c. Let u be t(r). Calculate the greatest common factor of u and 10.
10
Let c(h) = 4*h**2 - 6*h - 16. Let o be c(-8). Suppose -k = k - o. Calculate the highest common divisor of 18 and k.
18
Suppose -1348 = -34*d + 590. Calculate the greatest common divisor of 798 and d.
57
Let s be (-6)/(-18) - 5/(-3). Suppose -3*a - 27 = -s*g, 3*a + 2*a = -4*g + 43. What is the greatest common divisor of g and 8?
4
Suppose 5*h + 2*h = -7. Let v(l) = -4*l**3 + 2*l**2 + l - 1. Let q be v(h). Calculate the highest common divisor of q and 5.
1
Suppose 8*l + 1472 = 12*l. Let m = 552 - l. Calculate the highest common divisor of 23 and m.
23
Let j(s) = -3*s**3 - 18*s**2 + 14*s. Let u be j(-7). What is the greatest common factor of 245 and u?
49
Let w = 2405 + -1421. Calculate the greatest common factor of 24 and w.
24
Suppose 30*t + 365 = 965. What is the greatest common divisor of 2540 and t?
20
Suppose 2*f - 480 = -f. Let u = 338 - f. Suppose 5*t - 184 = 2*v, 5*t + 0*v + v - u = 0. Calculate the greatest common divisor of t and 4.
4
Let i(d) = 22*d - 6. Let a be i(6). Suppose 0*s = 3*s - a. Suppose 0 = -5*t + 20 + 50. Calculate the highest common divisor of t and s.
14
Let w(r) = 2*r + 232. Let g be w(-12). What is the greatest common divisor of g and 8?
8
Let s(y) = y**3 - 12*y**2 - 6*y + 9. Let x be s(12). Let k = 9 - x. Calculate the greatest common divisor of k and 6.
6
Let y be 2/5 + 78/5. What is the greatest common factor of y and 104?
8
Let t = 1 + 7. Let i = 22 + -14. Let o be 86/7 - i/28. What is the greatest common factor of o and t?
4
Let n(h) = -19*h - 2 + 6*h - 19*h. Let w be n(-1). Calculate the highest common divisor of 10 and w.
10
Suppose 27*c + 4 = 29*c. Let a be (1 + (-4)/c)*(-8)/8. Calculate the greatest common factor of 1 and a.
1
Let o = 555 + 481. What is the greatest common divisor of 28 and o?
28
Let f be 0/(-3) - (-2)/1. Suppose 4*k + 3*v = -37, 4*k = f*k - v - 19. Let r = -6 - k. What is the greatest common factor of 4 and r?
4
Let k = -580 - -587. What is the greatest common divisor of k and 511?
7
Let f(d) = 15*d + 1017. Let w be f(-59). Let i(p) = 12*p**2 - p. Let r be i(1). What is the greatest common factor of r and w?
11
Let j = -223 + 447. Calculate the highest common divisor of 32 and j.
32
Let b be (2/4)/((-834)/60 + 14). Suppose 3*m - 6*m = -90. What is the greatest common factor of b and m?
5
Suppose c = -4*c - 5, 2*p = 4*c + 36. Let f = 10 - -166. What is the highest common divisor of f and p?
16
Suppose -c - 35 = -4*f, 2*f + 16 = -5*c + 17. Let r be (-122)/(-5) - (-2)/(-5). Calculate the greatest common divisor of f and r.
8
Let j be (-6)/2 + 37 + 2 + 4. Calculate the highest common factor of 100 and j.
20
Suppose -4*x = -f - f + 20, 5*f - 2*x - 34 = 0. Let i be f*3/24*-8. Let d be (-1 - 3)*15/i. Calculate the greatest common factor of d and 110.
10
Let a = 285 - 282. Calculate the highest common divisor of a and 3.
3
Suppose -2*g = 2*g + r - 542, -5*r + 534 = 4*g. What is the highest common divisor of 102 and g?
34
Suppose -11*b = -306 - 156. Calculate the highest common factor of 12 and b.
6
Let i(o) = -34*o + 6. Let n be i(-1). What is the highest common factor of 16 and n?
8
Suppose 4*u - 390 = -2*r + 8*u, -4*r + 792 = -4*u. What is the greatest common divisor of 938 and r?
67
Let j(z) = 174*z**2 - 86*z**2 - 6*z - 86*z**2 + 2. Let s be j(3). Calculate the greatest common divisor of s and 12.
2
Let c = -127 + 129. Calculate the highest common divisor of 58 and c.
2
Let f(z) be the second derivative of z**4/12 + z**3/2 - 7*z**2 + 4*z. Let b be f(-6). Calculate the greatest common divisor of b and 2.
2
Let t be ((-3)/9)/((-1)/42). Let h be 12/30*15/3 - -446. Suppose 8*r + 0*r = h. What is the highest common factor of r and t?
14
Let f be (-1)/((-3)/6) + -70. Let y = f + 137. What is the greatest common factor of 23 and y?
23
Suppose -144 = -1053*m + 1050*m. Calculate the highest common factor of m and 240.
48
Suppose -33*b = -31*b - 8. Let c(a) = a**3 - 7*a**2 + 8*a - 9. Let v be c(6). Let t be 17*b/12*v. What is the highest common divisor of 17 and t?
17
Let s(j) = -2*j - 43. Let w be s(-23). Suppose 5*n + 3*p - 180 = 7*p, w*n - 4*p - 116 = 0. Calculate the greatest common factor of n and 144.
16
Suppose -k = -4*n - 38 + 6, -2*n + 2*k = 16. Let x = 13 + n. Suppose 0*b = x*b - 40. What is the highest common factor of 16 and b?
8
Let a(g) = -6*g + 3. Let l be a(-4). Let t be -6*(-1 + (-6 - -4)). Calculate the highest common factor of t and l.
9
Suppose 447 = 5*r + u - 2*u, -5*r = -2*u - 444. What is the highest common divisor of 24 and r?
6
Let n = 183 + -178. Calculate the highest common divisor of n and 105.
5
Suppose -2*q + 0*q + 522 = 0. Let o(m) = 28*m**2 + 1. Suppose -3*d + 3 = 6. Let s be o(d). What is the greatest common factor of q and s?
29
Suppose 9 = -4*u + 25. Suppose -u*d = -2*l - 2*d + 12, 22 = l - 5*d. Suppose -18 = -l*x - w, -2*w + 0 = -8. What is the greatest common factor of 56 and x?
7
Let n(a) = -a + 15. Let v be n(12). Suppose 50 - 8 = v*f. Calculate the highest common divisor of f and 7.
7
Let b be 14/7 + 83*1. Suppose 0 = q - 11 - 6. What is the greatest common divisor of q and b?
17
Suppose -4 = -i - 2. Let t(y) = 15*y + 3. Let h be t(i). Let g be (-6*(-2)/(-4))/(-1). What is the greatest common factor of h and g?
3
Suppose 5*x = -9*h + 11*h + 32, x = h + 7. Calculate the highest common factor of 258 and x.
6
Suppose 0 = 7*k + k - 2*k. Let u be (-239)/(-3) + 3/9 + k. Calculate the highest common divisor of u and 32.
16
Suppose -4*d = d - 660. Let f(p) = p**3 - 23*p**2 + 13*p + 210. Let u be f(22). Calculate the greatest common divisor of d and u.
12
Suppose 1 - 7 = -6*l. What is the greatest common factor of 2 and l?
1
Let w(v) = -v**3 - 29*v**2 - v - 11. Let j be w(-29). Let t(a) = a**3 - 15*a**2 + 16*a - 16. Let f be t(14). What is the greatest common divisor of j and f?
6
Let r(s) = 17 + 0 + 26*s**2 - 8*s - 23*s**2 + s. Let b be r(3). Calculate the highest common divisor of 46 and b.
23
Let v(w) = 4*w - 3. Let r be v(6). Let c(f) = -400*f - 1972. Let u be c(-5). Calculate the highest common factor of r and u.
7
Let t = 36 - 22. Suppose s - t = -q, -q + 4*s + 14 = 2*q. What is the highest common divisor of q and 100?
10
Suppose -3*z = 5*h - 43, 4*h = 2*z + 2*z + 28. Let c be ((-28)/(-3))/(h/36). Suppose 3*f = -0*f + c. Calculate the highest common factor of f and 28.
14
Let m(l) = l - 4. Let s be m(-4). Let v be (-1521)/(-52) - 6/s. Let a be v/(-12)*132/(-3). What is the highest common divisor of 44 and a?
22
Suppose 5*i - 366 = -4*o, 69*o + 66 = i + 68*o. Calculate the highest common divisor of 80 and i.
10
Suppose 9*n - 5*n - 71 = -i, -5*n + 95 = -5*i. What is the highest common divisor of 27 and n?
9
Suppose 0 = 6*u + 3*u - 81. Suppose -2*c + 5*c - u = 0. What is the greatest common factor of c and 15?
3
Suppose -22 + 4 = -2*s. Let i be 106/s - (-10)/45. Calculate the greatest common divisor of i and 60.
12
Suppose -5*z = -4*b - 104, 0*b + 3*b - 77 = -4*z. Let h = 357 - 369. Let w = h + z. What is the highest common divisor of 1 and w?
1
Suppose 0*y + 4*y = -1832. Let c = y - -773. Calculate the highest common divisor of c and 35.
35
Let x be 2/(-1*(-2)/9). Suppose 171 + 117 = 8*o. Calculate the greatest common factor of x and o.
9
Let a(y) = -6*y - 14. Let u be a(-3). Suppose -4*w + 667 = 3*s, s - 2*s + u*w + 201 = 0. Calculate the greatest common factor of 31 and s.
31
Let o be 111 - (-4)/2 - (-4 - -7). Let y = 10 - 34. Let j be (-8 - -6) + y/(-1). What is the greatest common divisor of o and j?
22
Let a(v) = v - 1. Let w(h) = -5*h + 194. Let o(j) = 4*a(j) + w(j). Let s be o(0). What is the highest common factor of 76 and s?
38
Suppose 15*r - 5*r - 520 = 0. Let w = r + -24. What is the highest common factor of w and 98?
14
Sup